14520?
True
Is 156 a multiple of 4?
True
Is 776 a multiple of 97?
True
Is 20354 a multiple of 24?
False
Is 231 a factor of 114518?
False
Is 17 a factor of 143390?
False
Is 15 a factor of 356?
False
Is 110214 a multiple of 13?
True
Is 6 a factor of 174?
True
Does 20 divide 624?
False
Is 23 a factor of 3671?
False
Is 4 a factor of 5723?
False
Is 3225 a multiple of 15?
True
Is 23 a multiple of 2?
False
Is 28 a factor of 42644?
True
Is 90 a factor of 1276?
False
Is 27 a factor of 10017?
True
Is 5 a factor of 399?
False
Is 6311 a multiple of 57?
False
Does 149 divide 19592?
False
Is 4 a factor of 196?
True
Does 6 divide 144?
True
Is 710 a multiple of 44?
False
Is 440 a multiple of 53?
False
Is 2652 a multiple of 52?
True
Does 27 divide 584?
False
Does 7 divide 987?
True
Does 8 divide 127?
False
Does 2 divide 13586?
True
Is 8 a factor of 1668?
False
Is 35 a factor of 5075?
True
Is 17 a factor of 6324?
True
Is 55 a factor of 9845?
True
Is 14673 a multiple of 37?
False
Is 3 a factor of 162?
True
Is 7180 a multiple of 20?
True
Is 22172 a multiple of 10?
False
Is 2281 a multiple of 114?
False
Is 11400 a multiple of 200?
True
Is 56 even?
True
Does 8 divide 545?
False
Does 19 divide 500?
False
Is 79104 a multiple of 309?
True
Is 10 a multiple of 10?
True
Is 27 a factor of 3433?
False
Does 72 divide 14256?
True
Is 1609 a multiple of 7?
False
Is 30 a factor of 3036?
False
Is 38 a factor of 988?
True
Is 512 a multiple of 10?
False
Is 27 a factor of 6877?
False
Does 187 divide 7854?
True
Is 8 a factor of 2068?
False
Is 88 a multiple of 88?
True
Is 109 a factor of 74541?
False
Does 31 divide 1132?
False
Is 83 a factor of 1412?
False
Is 60 a factor of 4461?
False
Is 13 a factor of 13429?
True
Does 12 divide 2345?
False
Is 14931 a multiple of 63?
True
Is 2487 a multiple of 37?
False
Does 121 divide 3896?
False
Is 10 a factor of 42734?
False
Is 123 a factor of 83271?
True
Is 840 a multiple of 7?
True
Does 74 divide 2055?
False
Is 532 a multiple of 76?
True
Is 281 a multiple of 239?
False
Is 1300 a multiple of 136?
False
Does 7 divide 519?
False
Is 8 a factor of 2910?
False
Does 9 divide 189?
True
Is 39345 a multiple of 9?
False
Is 396 a multiple of 11?
True
Does 13 divide 10841?
False
Is 600 a multiple of 60?
True
Is 13 a factor of 234?
True
Does 17 divide 99705?
True
Is 5 a factor of 155?
True
Does 64 divide 128?
True
Does 9 divide 16731?
True
Is 29931 a multiple of 12?
False
Is 12 a factor of 3456?
True
Is 2952 a multiple of 12?
True
Is 3 a factor of 251?
False
Is 6573 a multiple of 87?
False
Does 20 divide 3220?
True
Is 20 a factor of 31300?
True
Is 1527 a multiple of 38?
False
Is 20068 a multiple of 55?
False
Is 2 a factor of 1065?
False
Is 838 a multiple of 58?
False
Is 2380 a multiple of 17?
True
Is 1151 a multiple of 73?
False
Does 3 divide 8137?
False
Is 10 a factor of 56170?
True
Is 25 a factor of 3400?
True
Is 2592 a multiple of 3?
True
Does 3 divide 49534?
False
Does 54 divide 30996?
True
Is 33 a factor of 825?
True
Does 13 divide 1183?
True
Is 40 a factor of 1386?
False
Does 14 divide 37101?
False
Is 8 a factor of 61650?
False
Is 64 a factor of 320?
True
Does 67 divide 5843?
False
Is 144 even?
True
Is 18 a factor of 48897?
False
Does 15 divide 4485?
True
Is 18434 a multiple of 13?
True
Is 3288 a multiple of 4?
True
Is 11 a factor of 209?
True
Is 12 a factor of 917?
False
Does 16 divide 480?
True
Is 3 a factor of 10957?
False
Is 4466 a multiple of 2?
True
Does 7 divide 407?
False
Is 22 a factor of 44?
True
Is 1464 a multiple of 12?
True
Does 26 divide 963?
False
Is 9683 a multiple of 15?
False
Is 16665 a multiple of 165?
True
Is 59 a factor of 2065?
True
Is 19916 a multiple of 240?
False
Is 1032 a multiple of 8?
True
Is 4451 a multiple of 75?
False
Is 50 a factor of 1169?
False
Is 37 a factor of 1830?
False
Is 767 a multiple of 13?
True
Does 3 divide 1044?
True
Does 24 divide 31224?
True
Is 11799 a multiple of 24?
False
Is 17073 a multiple of 182?
False
Does 29 divide 1131?
True
Does 38 divide 9576?
True
Is 11 a factor of 3586?
True
Is 3511 a multiple of 126?
False
Is 29 a factor of 23345?
True
Is 311 a multiple of 3?
False
Is 65 a factor of 54855?
False
Is 19 a factor of 76?
True
Is 11498 a multiple of 9?
False
Is 27 a factor of 9226?
False
Is 630 a multiple of 45?
True
Is 2 a factor of 1739?
False
Does 3 divide 73?
False
Is 1672 a multiple of 19?
True
Is 179 a factor of 5549?
True
Does 53 divide 159?
True
Does 22 divide 2149?
False
Does 85 divide 121040?
True
Is 13 a factor of 364?
True
Does 31 divide 44?
False
Is 241 a factor of 101720?
False
Does 56 divide 24388?
False
Is 196 a multiple of 28?
True
Is 83 a factor of 19881?
False
Is 20388 a multiple of 11?
False
Is 19 a factor of 2261?
True
Is 4 a factor of 6249?
False
Is 4 a factor of 20?
True
Is 10501 a multiple of 4?
False
Is 964 a multiple of 23?
False
Does 26 divide 368?
False
Is 11 a factor of 374?
True
Is 19 a factor of 2143?
False
Is 14 a factor of 196?
True
Does 77 divide 1617?
True
Is 319 a multiple of 11?
True
Does 46 divide 913?
False
Does 24 divide 179?
False
Is 11 a factor of 3132?
False
Does 15 divide 883?
False
Does 10 divide 4555?
False
Is 37 a factor of 1480?
True
Is 2660 a multiple of 7?
True
Does 167 divide 23380?
True
Is 25697 a multiple of 8?
False
Is 11 a factor of 23749?
True
Is 17 a factor of 6494?
True
Does 9 divide 502?
False
Does 6 divide 270?
True
Does 27 divide 7077?
False
Is 489 a multiple of 4?
False
Does 52 divide 27125?
False
Does 17 divide 5100?
True
Is 66 a factor of 24476?
False
Is 26 a factor of 66?
False
Is 1445 even?
False
Is 4308 a multiple of 30?
False
Is 518 a factor of 50764?
True
Does 21 divide 210?
True
Is 737 a multiple of 11?
True
Does 38 divide 10374?
True
Is 5959 a multiple of 63?
False
Does 21 divide 6636?
True
Is 30040 a multiple of 10?
True
Does 12 divide 383?
False
Is 4959 a multiple of 19?
True
Is 249 a multiple of 83?
True
Does 22 divide 154?
True
Is 3795 a multiple of 15?
True
Does 111 divide 1504?
False
Does 8 divide 262?
False
Is 15694 a multiple of 26?
False
Is 1931 a multiple of 42?
False
Is 88584 a multiple of 12?
True
Does 77 divide 9240?
True
Is 3 a factor of 5185?
False
Does 17 divide 1717?
True
Is 1265 a multiple of 3?
False
Does 56 divide 488?
False
Does 13 divide 1729?
True
Is 12 a factor of 518?
False
Is 11 a factor of 4493?
False
Is 196 a multiple of 9?
False
Is 52 a factor of 1537?
False
Is 45 a factor of 4358?
False
Does 20 divide 32460?
True
Is 20 a factor of 2200?
True
Is 3854 a multiple of 100?
False
Does 93 divide 46500?
True
Is 660 a multiple of 2?
True
Is 24570 a multiple of 5?
True
Does 99 divide 13957?
False
Is 94710 a multiple of 154?
True
Does 8 divide 3470?
False
Is 600 a multiple of 26?
False
Does 44 divide 8008?
True
Does 28 divide 1260?
True
Is 350 a multiple of 14?
True
Does 14 divide 3696?
True
Is 836 a multiple of 66?
False
Is 72 a factor of 72?
True
Is 983 a multiple of 53?
False
Is 990 a multiple of 22?
True
Is 114 even?
True
Is 215 a factor of 30018?
False
Is 56 a multiple of 7?
True
Is 11 a factor of 948?
False
Is 6 a factor of 4354?
False
Is 4480 a multiple of 13?
False
Is 8 a factor of 14261?
False
Is 3816 a multiple of 106?
True
Does 20 divide 1120?
True
Is 49 a factor of 5849?
False
Does 17 divide 212?
False
Is 2107 a multiple of 43?
True
Does 80 divide 1841?
False
Is 133 a factor of 1849?
False
Is 4761 a multiple of 69?
True
Is 142 a multiple of 4?
False
Is 26026 a multiple of 29?
False
Does 14 divide 12838?
True
Is 141 a factor of 3948?
True
Is 7 a factor of 539?
True
Does 16 divide 448?
True
Does 87 divide 16791?
True
Does 30 divide 2130?
True
Does 12 divide 44678?
False
Does 33 divide 886?
False
Does 45 divide 675?
True
Does 3 divide 231?
True
Is 14 a factor of 723?
False
Is 77 a factor of 26321?
False
Does 32 divide 8262?
False
Is 64764 a multiple of 36?
True
Is 456 a multiple of 57?
True
Is 72 a factor of 1440?
True
Is 34713 a multiple of 97?
False
Is 17776 a multiple of 8?
True
Does 44 divide 27595?
False
Is 14 a factor of 5040?
True
Is 540 a multiple of 60?
True
Does 3 divide 1310?
False
Is 49 a factor of 882?
True
Does 89 divide 4778?
False
Is 2565 a multiple of 57?
True
Does 79 divide 508?
False
Does 5 divide 8150?
True
Is 5796 a multiple of 12?
True
Is 245 a multiple of 5?
True
Is 40 a fa